{"id":639,"date":"2023-08-24T10:34:38","date_gmt":"2023-08-24T08:34:38","guid":{"rendered":"https:\/\/proxicleaner.com\/?page_id=639"},"modified":"2025-11-22T19:24:07","modified_gmt":"2025-11-22T18:24:07","slug":"devis-nettoyage-canape-matelas-vitres-haute-pression-moquette-vapeur-pays-basque-landes-64-40","status":"publish","type":"page","link":"https:\/\/proxicleaner.com\/index.php\/devis-nettoyage-canape-matelas-vitres-haute-pression-moquette-vapeur-pays-basque-landes-64-40\/","title":{"rendered":"Contact"},"content":{"rendered":"\t\t<div data-elementor-type=\"wp-page\" data-elementor-id=\"639\" class=\"elementor elementor-639\" data-elementor-post-type=\"page\">\n\t\t\t\t<div class=\"elementor-element elementor-element-21ec63e e-flex e-con-boxed e-con e-parent\" data-id=\"21ec63e\" data-element_type=\"container\" data-e-type=\"container\">\n\t\t\t\t\t<div class=\"e-con-inner\">\n\t\t\t\t<div class=\"elementor-element elementor-element-aae54c2 elementor-widget elementor-widget-image\" data-id=\"aae54c2\" data-element_type=\"widget\" data-e-type=\"widget\" data-widget_type=\"image.default\">\n\t\t\t\t<div class=\"elementor-widget-container\">\n\t\t\t\t\t\t\t\t\t\t\t\t\t\t\t<img fetchpriority=\"high\" decoding=\"async\" width=\"1024\" height=\"576\" src=\"https:\/\/proxicleaner.com\/wp-content\/uploads\/2025\/11\/DEVIS-NETTOYAGE-SAP50-BAYONNE-PROXICLEANER-1024x576.webp\" class=\"attachment-large size-large wp-image-2470\" alt=\"Technicien Proxicleaner de dos consultant une tablette dans un salon lumineux avec vue sur la c\u00f4te landaise, illustrant la demande de devis gratuit pour les services de nettoyage \u00e0 domicile.\" srcset=\"https:\/\/proxicleaner.com\/wp-content\/uploads\/2025\/11\/DEVIS-NETTOYAGE-SAP50-BAYONNE-PROXICLEANER-1024x576.webp 1024w, https:\/\/proxicleaner.com\/wp-content\/uploads\/2025\/11\/DEVIS-NETTOYAGE-SAP50-BAYONNE-PROXICLEANER-300x169.webp 300w, https:\/\/proxicleaner.com\/wp-content\/uploads\/2025\/11\/DEVIS-NETTOYAGE-SAP50-BAYONNE-PROXICLEANER-768x432.webp 768w, https:\/\/proxicleaner.com\/wp-content\/uploads\/2025\/11\/DEVIS-NETTOYAGE-SAP50-BAYONNE-PROXICLEANER-1536x864.webp 1536w, https:\/\/proxicleaner.com\/wp-content\/uploads\/2025\/11\/DEVIS-NETTOYAGE-SAP50-BAYONNE-PROXICLEANER-600x338.webp 600w, https:\/\/proxicleaner.com\/wp-content\/uploads\/2025\/11\/DEVIS-NETTOYAGE-SAP50-BAYONNE-PROXICLEANER.webp 1920w\" sizes=\"(max-width: 1024px) 100vw, 1024px\" \/>\t\t\t\t\t\t\t\t\t\t\t\t\t\t\t<\/div>\n\t\t\t\t<\/div>\n\t\t<div class=\"elementor-element elementor-element-3bd49a8 e-con-full e-flex e-con e-child\" data-id=\"3bd49a8\" data-element_type=\"container\" data-e-type=\"container\" data-settings=\"{&quot;background_background&quot;:&quot;classic&quot;}\">\n\t\t\t\t<div class=\"elementor-element elementor-element-4bb35d1 elementor-widget elementor-widget-heading\" data-id=\"4bb35d1\" data-element_type=\"widget\" data-e-type=\"widget\" data-widget_type=\"heading.default\">\n\t\t\t\t<div class=\"elementor-widget-container\">\n\t\t\t\t\t<h1 class=\"elementor-heading-title elementor-size-large\">Devis et Contact Nettoyage Particulier et Professionnel<\/h1>\t\t\t\t<\/div>\n\t\t\t\t<\/div>\n\t\t\t\t<\/div>\n\t\t\t\t\t<\/div>\n\t\t\t\t<\/div>\n\t\t<div class=\"elementor-element elementor-element-8602821 e-flex e-con-boxed e-con e-parent\" data-id=\"8602821\" data-element_type=\"container\" data-e-type=\"container\">\n\t\t\t\t\t<div class=\"e-con-inner\">\n\t\t\t\t<div class=\"elementor-element elementor-element-9c377d7 elementor-widget elementor-widget-shortcode\" data-id=\"9c377d7\" data-element_type=\"widget\" data-e-type=\"widget\" data-widget_type=\"shortcode.default\">\n\t\t\t\t<div class=\"elementor-widget-container\">\n\t\t\t\t\t\t\t<div class=\"elementor-shortcode\">\n\t\t\t\t\t\t<script>\n\t\t\t\t\t\t\twindow.hsFormsOnReady = window.hsFormsOnReady || [];\n\t\t\t\t\t\t\twindow.hsFormsOnReady.push(()=>{\n\t\t\t\t\t\t\t\thbspt.forms.create({\n\t\t\t\t\t\t\t\t\tportalId: 143651438,\n\t\t\t\t\t\t\t\t\tformId: \"ac1fccf2-6ebc-4184-9a22-af9d53209320\",\n\t\t\t\t\t\t\t\t\ttarget: \"#hbspt-form-1776377458000-9663234626\",\n\t\t\t\t\t\t\t\t\tregion: \"eu1\",\n\t\t\t\t\t\t\t\t\t\n\t\t\t\t\t\t\t})});\n\t\t\t\t\t\t<\/script>\n\t\t\t\t\t\t<div class=\"hbspt-form\" id=\"hbspt-form-1776377458000-9663234626\"><\/div><\/div>\n\t\t\t\t\t\t<\/div>\n\t\t\t\t<\/div>\n\t\t\t\t<div class=\"elementor-element elementor-element-3eb2b09 elementor-widget elementor-widget-text-editor\" data-id=\"3eb2b09\" data-element_type=\"widget\" data-e-type=\"widget\" data-widget_type=\"text-editor.default\">\n\t\t\t\t<div class=\"elementor-widget-container\">\n\t\t\t\t\t\t\t\t\t<p data-start=\"312\" data-end=\"841\">Obtenez facilement un <strong data-start=\"334\" data-end=\"370\">devis de nettoyage professionnel<\/strong> pour votre logement ou votre entreprise sur la c\u00f4te basque et landaise. Chez <strong data-start=\"448\" data-end=\"464\">Proxicleaner<\/strong>, nous mettons un point d\u2019honneur \u00e0 vous offrir un service rapide, pr\u00e9cis et parfaitement adapt\u00e9 \u00e0 vos besoins. Que vous souhaitiez faire nettoyer un <strong data-start=\"614\" data-end=\"624\">canap\u00e9<\/strong>, un <strong data-start=\"629\" data-end=\"640\">matelas<\/strong>, une <strong data-start=\"646\" data-end=\"658\">moquette<\/strong>, un <strong data-start=\"663\" data-end=\"672\">tapis<\/strong>, vos <strong data-start=\"678\" data-end=\"693\">si\u00e8ges auto<\/strong> ou encore b\u00e9n\u00e9ficier d\u2019un <strong data-start=\"720\" data-end=\"779\">nettoyage complet de maison ou de locaux professionnels<\/strong>, notre \u00e9quipe vous accompagne avec s\u00e9rieux et transparence.<\/p><p data-start=\"843\" data-end=\"1199\">Bas\u00e9s \u00e0 proximit\u00e9 imm\u00e9diate de <strong data-start=\"874\" data-end=\"932\">Bayonne, Anglet, Biarritz, Boucau, Tarnos et Capbreton<\/strong>, nous intervenons dans tout le Pays Basque et les Landes avec du mat\u00e9riel professionnel haut de gamme et des m\u00e9thodes \u00e9prouv\u00e9es. En remplissant le formulaire ci-dessous, vous recevrez un retour rapide, clair et d\u00e9taill\u00e9 sur votre demande de devis, sans engagement.<\/p><p data-start=\"1201\" data-end=\"1529\">Chaque intervention est personnalis\u00e9e : nous \u00e9valuons la nature du textile, l\u2019\u00e9tat du mobilier, le niveau d\u2019encrassement ou de taches, et nous vous recommandons la meilleure solution de nettoyage. Avec plus de <strong data-start=\"1411\" data-end=\"1433\">161 avis 5 \u00e9toiles<\/strong> sur Google, Proxicleaner se distingue par son s\u00e9rieux, son efficacit\u00e9 et son sens du service.<\/p><p data-start=\"1531\" data-end=\"1671\">Faites une demande de devis d\u00e8s maintenant : nous vous r\u00e9pondons rapidement afin de planifier votre intervention au moment qui vous arrange.<\/p><h3 data-start=\"1727\" data-end=\"1764\"><strong data-start=\"1731\" data-end=\"1764\">\ud83d\udccc FAQ \u2013 Questions Fr\u00e9quentes<\/strong><\/h3><hr data-start=\"1766\" data-end=\"1769\" \/><h3 data-start=\"1771\" data-end=\"1833\"><strong data-start=\"1775\" data-end=\"1831\">Combien co\u00fbte un nettoyage de canap\u00e9 ou de matelas ?<\/strong><\/h3><p data-start=\"1834\" data-end=\"1975\">Le prix d\u00e9pend du type de tissu, de la taille et du niveau d\u2019encrassement. Un devis personnalis\u00e9 vous est envoy\u00e9 d\u00e8s r\u00e9ception du formulaire.<\/p><hr data-start=\"1977\" data-end=\"1980\" \/><h3 data-start=\"1982\" data-end=\"2030\"><strong data-start=\"1986\" data-end=\"2028\">Quels sont les d\u00e9lais d\u2019intervention ?<\/strong><\/h3><p data-start=\"2031\" data-end=\"2161\">Nous intervenons g\u00e9n\u00e9ralement sous 24 \u00e0 72 heures selon la zone (Bayonne, Anglet, Biarritz, Landes) et l\u2019urgence de votre demande.<\/p><hr data-start=\"2163\" data-end=\"2166\" \/><h3 data-start=\"2168\" data-end=\"2218\"><strong data-start=\"2172\" data-end=\"2216\">Utilisez-vous des produits \u00e9cologiques ?<\/strong><\/h3><p data-start=\"2219\" data-end=\"2333\">Oui. Nous utilisons des produits professionnels, biod\u00e9gradables, non allerg\u00e8nes et respectueux de votre int\u00e9rieur.<\/p><hr data-start=\"2335\" data-end=\"2338\" \/><h3 data-start=\"2340\" data-end=\"2399\"><strong data-start=\"2344\" data-end=\"2397\">Proposez-vous des devis pour les professionnels ?<\/strong><\/h3><p data-start=\"2400\" data-end=\"2530\">Oui, Proxicleaner intervient pour les commerces, bureaux, salles d\u2019attente, locations Airbnb et \u00e9tablissements recevant du public.<\/p><hr data-start=\"2532\" data-end=\"2535\" \/><h3 data-start=\"2537\" data-end=\"2615\"><strong data-start=\"2541\" data-end=\"2613\">Puis-je demander un devis pour plusieurs prestations en m\u00eame temps ?<\/strong><\/h3><p data-start=\"2616\" data-end=\"2721\">Bien s\u00fbr. Nettoyage canap\u00e9 + matelas, si\u00e8ges auto + tapis, etc. Tous les services peuvent \u00eatre regroup\u00e9s.<\/p>\t\t\t\t\t\t\t\t<\/div>\n\t\t\t\t<\/div>\n\t\t\t\t\t<\/div>\n\t\t\t\t<\/div>\n\t\t\t\t<\/div>\n\t\t","protected":false},"excerpt":{"rendered":"<p>Devis et Contact Nettoyage Particulier et Professionnel Obtenez facilement un devis de nettoyage professionnel pour votre logement ou votre entreprise sur la c\u00f4te basque et landaise. Chez Proxicleaner, nous mettons un point d\u2019honneur \u00e0 vous offrir un service rapide, pr\u00e9cis et parfaitement adapt\u00e9 \u00e0 vos besoins. Que vous souhaitiez faire nettoyer un canap\u00e9, un matelas, [&hellip;]<\/p>\n","protected":false},"author":3,"featured_media":0,"parent":0,"menu_order":0,"comment_status":"closed","ping_status":"closed","template":"","meta":{"content-type":"","site-sidebar-layout":"no-sidebar","site-content-layout":"page-builder","ast-site-content-layout":"full-width-container","site-content-style":"unboxed","site-sidebar-style":"unboxed","ast-global-header-display":"","ast-banner-title-visibility":"","ast-main-header-display":"","ast-hfb-above-header-display":"","ast-hfb-below-header-display":"","ast-hfb-mobile-header-display":"","site-post-title":"disabled","ast-breadcrumbs-content":"","ast-featured-img":"disabled","footer-sml-layout":"","ast-disable-related-posts":"","theme-transparent-header-meta":"","adv-header-id-meta":"","stick-header-meta":"","header-above-stick-meta":"","header-main-stick-meta":"","header-below-stick-meta":"","astra-migrate-meta-layouts":"set","ast-page-background-enabled":"default","ast-page-background-meta":{"desktop":{"background-color":"","background-image":"","background-repeat":"repeat","background-position":"center center","background-size":"auto","background-attachment":"scroll","background-type":"","background-media":"","overlay-type":"","overlay-color":"","overlay-opacity":"","overlay-gradient":""},"tablet":{"background-color":"","background-image":"","background-repeat":"repeat","background-position":"center center","background-size":"auto","background-attachment":"scroll","background-type":"","background-media":"","overlay-type":"","overlay-color":"","overlay-opacity":"","overlay-gradient":""},"mobile":{"background-color":"","background-image":"","background-repeat":"repeat","background-position":"center center","background-size":"auto","background-attachment":"scroll","background-type":"","background-media":"","overlay-type":"","overlay-color":"","overlay-opacity":"","overlay-gradient":""}},"ast-content-background-meta":{"desktop":{"background-color":"var(--ast-global-color-5)","background-image":"","background-repeat":"repeat","background-position":"center center","background-size":"auto","background-attachment":"scroll","background-type":"","background-media":"","overlay-type":"","overlay-color":"","overlay-opacity":"","overlay-gradient":""},"tablet":{"background-color":"var(--ast-global-color-5)","background-image":"","background-repeat":"repeat","background-position":"center center","background-size":"auto","background-attachment":"scroll","background-type":"","background-media":"","overlay-type":"","overlay-color":"","overlay-opacity":"","overlay-gradient":""},"mobile":{"background-color":"var(--ast-global-color-5)","background-image":"","background-repeat":"repeat","background-position":"center center","background-size":"auto","background-attachment":"scroll","background-type":"","background-media":"","overlay-type":"","overlay-color":"","overlay-opacity":"","overlay-gradient":""}},"footnotes":""},"class_list":["post-639","page","type-page","status-publish","hentry"],"yoast_head":"<!-- This site is optimized with the Yoast SEO plugin v27.4 - https:\/\/yoast.com\/product\/yoast-seo-wordpress\/ -->\n<title>Contact - Proxicleaner<\/title>\n<meta name=\"description\" content=\"Devis nettoyage \u00e0 domicile \u00e0 Bayonne et C\u00f4te Landaise. Canap\u00e9, matelas, moquettes, auto. R\u00e9ponse rapide et service pro. Contactez Proxicleaner !\" \/>\n<meta name=\"robots\" content=\"index, follow, max-snippet:-1, max-image-preview:large, max-video-preview:-1\" \/>\n<link rel=\"canonical\" href=\"https:\/\/proxicleaner.com\/index.php\/devis-nettoyage-canape-matelas-vitres-haute-pression-moquette-vapeur-pays-basque-landes-64-40\/\" \/>\n<meta property=\"og:locale\" content=\"fr_FR\" \/>\n<meta property=\"og:type\" content=\"article\" \/>\n<meta property=\"og:title\" content=\"Contact - Proxicleaner\" \/>\n<meta property=\"og:description\" content=\"Devis nettoyage \u00e0 domicile \u00e0 Bayonne et C\u00f4te Landaise. Canap\u00e9, matelas, moquettes, auto. R\u00e9ponse rapide et service pro. Contactez Proxicleaner !\" \/>\n<meta property=\"og:url\" content=\"https:\/\/proxicleaner.com\/index.php\/devis-nettoyage-canape-matelas-vitres-haute-pression-moquette-vapeur-pays-basque-landes-64-40\/\" \/>\n<meta property=\"og:site_name\" content=\"Proxicleaner\" \/>\n<meta property=\"article:modified_time\" content=\"2025-11-22T18:24:07+00:00\" \/>\n<meta property=\"og:image\" content=\"https:\/\/proxicleaner.com\/wp-content\/uploads\/2025\/11\/DEVIS-NETTOYAGE-SAP50-BAYONNE-PROXICLEANER-1024x576.webp\" \/>\n<meta name=\"twitter:card\" content=\"summary_large_image\" \/>\n<meta name=\"twitter:label1\" content=\"Dur\u00e9e de lecture estim\u00e9e\" \/>\n\t<meta name=\"twitter:data1\" content=\"2 minutes\" \/>\n<script type=\"application\/ld+json\" class=\"yoast-schema-graph\">{\"@context\":\"https:\\\/\\\/schema.org\",\"@graph\":[{\"@type\":\"WebPage\",\"@id\":\"https:\\\/\\\/proxicleaner.com\\\/index.php\\\/devis-nettoyage-canape-matelas-vitres-haute-pression-moquette-vapeur-pays-basque-landes-64-40\\\/\",\"url\":\"https:\\\/\\\/proxicleaner.com\\\/index.php\\\/devis-nettoyage-canape-matelas-vitres-haute-pression-moquette-vapeur-pays-basque-landes-64-40\\\/\",\"name\":\"Contact - Proxicleaner\",\"isPartOf\":{\"@id\":\"https:\\\/\\\/proxicleaner.com\\\/#website\"},\"primaryImageOfPage\":{\"@id\":\"https:\\\/\\\/proxicleaner.com\\\/index.php\\\/devis-nettoyage-canape-matelas-vitres-haute-pression-moquette-vapeur-pays-basque-landes-64-40\\\/#primaryimage\"},\"image\":{\"@id\":\"https:\\\/\\\/proxicleaner.com\\\/index.php\\\/devis-nettoyage-canape-matelas-vitres-haute-pression-moquette-vapeur-pays-basque-landes-64-40\\\/#primaryimage\"},\"thumbnailUrl\":\"https:\\\/\\\/proxicleaner.com\\\/wp-content\\\/uploads\\\/2025\\\/11\\\/DEVIS-NETTOYAGE-SAP50-BAYONNE-PROXICLEANER-1024x576.webp\",\"datePublished\":\"2023-08-24T08:34:38+00:00\",\"dateModified\":\"2025-11-22T18:24:07+00:00\",\"description\":\"Devis nettoyage \u00e0 domicile \u00e0 Bayonne et C\u00f4te Landaise. Canap\u00e9, matelas, moquettes, auto. R\u00e9ponse rapide et service pro. Contactez Proxicleaner !\",\"breadcrumb\":{\"@id\":\"https:\\\/\\\/proxicleaner.com\\\/index.php\\\/devis-nettoyage-canape-matelas-vitres-haute-pression-moquette-vapeur-pays-basque-landes-64-40\\\/#breadcrumb\"},\"inLanguage\":\"fr-FR\",\"potentialAction\":[{\"@type\":\"ReadAction\",\"target\":[\"https:\\\/\\\/proxicleaner.com\\\/index.php\\\/devis-nettoyage-canape-matelas-vitres-haute-pression-moquette-vapeur-pays-basque-landes-64-40\\\/\"]}]},{\"@type\":\"ImageObject\",\"inLanguage\":\"fr-FR\",\"@id\":\"https:\\\/\\\/proxicleaner.com\\\/index.php\\\/devis-nettoyage-canape-matelas-vitres-haute-pression-moquette-vapeur-pays-basque-landes-64-40\\\/#primaryimage\",\"url\":\"https:\\\/\\\/proxicleaner.com\\\/wp-content\\\/uploads\\\/2025\\\/11\\\/DEVIS-NETTOYAGE-SAP50-BAYONNE-PROXICLEANER-1024x576.webp\",\"contentUrl\":\"https:\\\/\\\/proxicleaner.com\\\/wp-content\\\/uploads\\\/2025\\\/11\\\/DEVIS-NETTOYAGE-SAP50-BAYONNE-PROXICLEANER-1024x576.webp\"},{\"@type\":\"BreadcrumbList\",\"@id\":\"https:\\\/\\\/proxicleaner.com\\\/index.php\\\/devis-nettoyage-canape-matelas-vitres-haute-pression-moquette-vapeur-pays-basque-landes-64-40\\\/#breadcrumb\",\"itemListElement\":[{\"@type\":\"ListItem\",\"position\":1,\"name\":\"Accueil\",\"item\":\"https:\\\/\\\/proxicleaner.com\\\/\"},{\"@type\":\"ListItem\",\"position\":2,\"name\":\"Contact\"}]},{\"@type\":\"WebSite\",\"@id\":\"https:\\\/\\\/proxicleaner.com\\\/#website\",\"url\":\"https:\\\/\\\/proxicleaner.com\\\/\",\"name\":\"Nettoyage professionnel \u00e0 domicile dans les Landes et le Pays Basque | ProxiCleaner\",\"description\":\"\",\"publisher\":{\"@id\":\"https:\\\/\\\/proxicleaner.com\\\/#organization\"},\"potentialAction\":[{\"@type\":\"SearchAction\",\"target\":{\"@type\":\"EntryPoint\",\"urlTemplate\":\"https:\\\/\\\/proxicleaner.com\\\/?s={search_term_string}\"},\"query-input\":{\"@type\":\"PropertyValueSpecification\",\"valueRequired\":true,\"valueName\":\"search_term_string\"}}],\"inLanguage\":\"fr-FR\"},{\"@type\":\"Organization\",\"@id\":\"https:\\\/\\\/proxicleaner.com\\\/#organization\",\"name\":\"Proxicleaner\",\"url\":\"https:\\\/\\\/proxicleaner.com\\\/\",\"logo\":{\"@type\":\"ImageObject\",\"inLanguage\":\"fr-FR\",\"@id\":\"https:\\\/\\\/proxicleaner.com\\\/#\\\/schema\\\/logo\\\/image\\\/\",\"url\":\"http:\\\/\\\/a9o.f9a.mytemp.website\\\/wp-content\\\/uploads\\\/2025\\\/04\\\/2-ICON.png\",\"contentUrl\":\"http:\\\/\\\/a9o.f9a.mytemp.website\\\/wp-content\\\/uploads\\\/2025\\\/04\\\/2-ICON.png\",\"width\":888,\"height\":930,\"caption\":\"Proxicleaner\"},\"image\":{\"@id\":\"https:\\\/\\\/proxicleaner.com\\\/#\\\/schema\\\/logo\\\/image\\\/\"}}]}<\/script>\n<!-- \/ Yoast SEO plugin. -->","yoast_head_json":{"title":"Contact - Proxicleaner","description":"Devis nettoyage \u00e0 domicile \u00e0 Bayonne et C\u00f4te Landaise. Canap\u00e9, matelas, moquettes, auto. R\u00e9ponse rapide et service pro. Contactez Proxicleaner !","robots":{"index":"index","follow":"follow","max-snippet":"max-snippet:-1","max-image-preview":"max-image-preview:large","max-video-preview":"max-video-preview:-1"},"canonical":"https:\/\/proxicleaner.com\/index.php\/devis-nettoyage-canape-matelas-vitres-haute-pression-moquette-vapeur-pays-basque-landes-64-40\/","og_locale":"fr_FR","og_type":"article","og_title":"Contact - Proxicleaner","og_description":"Devis nettoyage \u00e0 domicile \u00e0 Bayonne et C\u00f4te Landaise. Canap\u00e9, matelas, moquettes, auto. R\u00e9ponse rapide et service pro. Contactez Proxicleaner !","og_url":"https:\/\/proxicleaner.com\/index.php\/devis-nettoyage-canape-matelas-vitres-haute-pression-moquette-vapeur-pays-basque-landes-64-40\/","og_site_name":"Proxicleaner","article_modified_time":"2025-11-22T18:24:07+00:00","og_image":[{"url":"https:\/\/proxicleaner.com\/wp-content\/uploads\/2025\/11\/DEVIS-NETTOYAGE-SAP50-BAYONNE-PROXICLEANER-1024x576.webp","type":"","width":"","height":""}],"twitter_card":"summary_large_image","twitter_misc":{"Dur\u00e9e de lecture estim\u00e9e":"2 minutes"},"schema":{"@context":"https:\/\/schema.org","@graph":[{"@type":"WebPage","@id":"https:\/\/proxicleaner.com\/index.php\/devis-nettoyage-canape-matelas-vitres-haute-pression-moquette-vapeur-pays-basque-landes-64-40\/","url":"https:\/\/proxicleaner.com\/index.php\/devis-nettoyage-canape-matelas-vitres-haute-pression-moquette-vapeur-pays-basque-landes-64-40\/","name":"Contact - Proxicleaner","isPartOf":{"@id":"https:\/\/proxicleaner.com\/#website"},"primaryImageOfPage":{"@id":"https:\/\/proxicleaner.com\/index.php\/devis-nettoyage-canape-matelas-vitres-haute-pression-moquette-vapeur-pays-basque-landes-64-40\/#primaryimage"},"image":{"@id":"https:\/\/proxicleaner.com\/index.php\/devis-nettoyage-canape-matelas-vitres-haute-pression-moquette-vapeur-pays-basque-landes-64-40\/#primaryimage"},"thumbnailUrl":"https:\/\/proxicleaner.com\/wp-content\/uploads\/2025\/11\/DEVIS-NETTOYAGE-SAP50-BAYONNE-PROXICLEANER-1024x576.webp","datePublished":"2023-08-24T08:34:38+00:00","dateModified":"2025-11-22T18:24:07+00:00","description":"Devis nettoyage \u00e0 domicile \u00e0 Bayonne et C\u00f4te Landaise. Canap\u00e9, matelas, moquettes, auto. R\u00e9ponse rapide et service pro. Contactez Proxicleaner !","breadcrumb":{"@id":"https:\/\/proxicleaner.com\/index.php\/devis-nettoyage-canape-matelas-vitres-haute-pression-moquette-vapeur-pays-basque-landes-64-40\/#breadcrumb"},"inLanguage":"fr-FR","potentialAction":[{"@type":"ReadAction","target":["https:\/\/proxicleaner.com\/index.php\/devis-nettoyage-canape-matelas-vitres-haute-pression-moquette-vapeur-pays-basque-landes-64-40\/"]}]},{"@type":"ImageObject","inLanguage":"fr-FR","@id":"https:\/\/proxicleaner.com\/index.php\/devis-nettoyage-canape-matelas-vitres-haute-pression-moquette-vapeur-pays-basque-landes-64-40\/#primaryimage","url":"https:\/\/proxicleaner.com\/wp-content\/uploads\/2025\/11\/DEVIS-NETTOYAGE-SAP50-BAYONNE-PROXICLEANER-1024x576.webp","contentUrl":"https:\/\/proxicleaner.com\/wp-content\/uploads\/2025\/11\/DEVIS-NETTOYAGE-SAP50-BAYONNE-PROXICLEANER-1024x576.webp"},{"@type":"BreadcrumbList","@id":"https:\/\/proxicleaner.com\/index.php\/devis-nettoyage-canape-matelas-vitres-haute-pression-moquette-vapeur-pays-basque-landes-64-40\/#breadcrumb","itemListElement":[{"@type":"ListItem","position":1,"name":"Accueil","item":"https:\/\/proxicleaner.com\/"},{"@type":"ListItem","position":2,"name":"Contact"}]},{"@type":"WebSite","@id":"https:\/\/proxicleaner.com\/#website","url":"https:\/\/proxicleaner.com\/","name":"Nettoyage professionnel \u00e0 domicile dans les Landes et le Pays Basque | ProxiCleaner","description":"","publisher":{"@id":"https:\/\/proxicleaner.com\/#organization"},"potentialAction":[{"@type":"SearchAction","target":{"@type":"EntryPoint","urlTemplate":"https:\/\/proxicleaner.com\/?s={search_term_string}"},"query-input":{"@type":"PropertyValueSpecification","valueRequired":true,"valueName":"search_term_string"}}],"inLanguage":"fr-FR"},{"@type":"Organization","@id":"https:\/\/proxicleaner.com\/#organization","name":"Proxicleaner","url":"https:\/\/proxicleaner.com\/","logo":{"@type":"ImageObject","inLanguage":"fr-FR","@id":"https:\/\/proxicleaner.com\/#\/schema\/logo\/image\/","url":"http:\/\/a9o.f9a.mytemp.website\/wp-content\/uploads\/2025\/04\/2-ICON.png","contentUrl":"http:\/\/a9o.f9a.mytemp.website\/wp-content\/uploads\/2025\/04\/2-ICON.png","width":888,"height":930,"caption":"Proxicleaner"},"image":{"@id":"https:\/\/proxicleaner.com\/#\/schema\/logo\/image\/"}}]}},"_links":{"self":[{"href":"https:\/\/proxicleaner.com\/index.php\/wp-json\/wp\/v2\/pages\/639","targetHints":{"allow":["GET"]}}],"collection":[{"href":"https:\/\/proxicleaner.com\/index.php\/wp-json\/wp\/v2\/pages"}],"about":[{"href":"https:\/\/proxicleaner.com\/index.php\/wp-json\/wp\/v2\/types\/page"}],"author":[{"embeddable":true,"href":"https:\/\/proxicleaner.com\/index.php\/wp-json\/wp\/v2\/users\/3"}],"replies":[{"embeddable":true,"href":"https:\/\/proxicleaner.com\/index.php\/wp-json\/wp\/v2\/comments?post=639"}],"version-history":[{"count":20,"href":"https:\/\/proxicleaner.com\/index.php\/wp-json\/wp\/v2\/pages\/639\/revisions"}],"predecessor-version":[{"id":2474,"href":"https:\/\/proxicleaner.com\/index.php\/wp-json\/wp\/v2\/pages\/639\/revisions\/2474"}],"wp:attachment":[{"href":"https:\/\/proxicleaner.com\/index.php\/wp-json\/wp\/v2\/media?parent=639"}],"curies":[{"name":"wp","href":"https:\/\/api.w.org\/{rel}","templated":true}]}}